{"id":37,"date":"2012-05-21T22:44:04","date_gmt":"2012-05-22T01:44:04","guid":{"rendered":"https:\/\/www.linux.org.uy\/?page_id=37"},"modified":"2012-05-21T22:47:25","modified_gmt":"2012-05-22T01:47:25","slug":"directiva","status":"publish","type":"page","link":"https:\/\/www.linux.org.uy\/?page_id=37","title":{"rendered":"Directiva"},"content":{"rendered":"<p>La Comisi\u00f3n Directiva del UYLUG est\u00e1 formada por los siguientes socios:<\/p>\n<ul>\n<li><strong>Presidente:<\/strong> Enrique Verdes<\/li>\n<li><strong>Vice-Presidente:<\/strong> Eduardo Trapani<\/li>\n<li><strong>Secretario:<\/strong> <\/li>\n<li><strong>Tesorero:<\/strong> Federico Wagner<\/li>\n<li><strong>Vocal:<\/strong> Roberto Wagner<\/li>\n<\/ul>\n<p>y fue elegida mediante votaci\u00f3n de los socios realizada el d\u00eda 17 de diciembre del 2006, asumiendo sus funciones ese mismo d\u00eda.<\/p>\n<h2>\u00bfC\u00f3mo contactar con la Comisi\u00f3n Directiva?<\/h2>\n<p>La Comisi\u00f3n Directiva recibe tiene las puertas abiertas para recibir las sugerencias e iniciativas de los asociados. Es posible contactar a la Directiva en pleno a trav\u00e9s del e-mail uylug-directiva@uylug.org.uy.<\/p>\n","protected":false},"excerpt":{"rendered":"<p>La Comisi\u00f3n Directiva del UYLUG est\u00e1 formada por los siguientes socios: Presidente: Enrique Verdes Vice-Presidente: Eduardo Trapani Secretario: Tesorero: Federico Wagner Vocal: Roberto Wagner y fue elegida mediante votaci\u00f3n de los socios realizada el d\u00eda 17 de diciembre del 2006, asumiendo sus funciones ese mismo d\u00eda. \u00bfC\u00f3mo contactar con la Comisi\u00f3n Directiva? La Comisi\u00f3n Directiva &hellip; <span class=\"more-link\"><a href=\"https:\/\/www.linux.org.uy\/?page_id=37\">Continue reading &raquo;<\/a><\/span><\/p>\n","protected":false},"author":2,"featured_media":0,"parent":33,"menu_order":0,"comment_status":"open","ping_status":"open","template":"","meta":{"footnotes":""},"class_list":["post-37","page","type-page","status-publish","hentry"],"_links":{"self":[{"href":"https:\/\/www.linux.org.uy\/index.php?rest_route=\/wp\/v2\/pages\/37","targetHints":{"allow":["GET"]}}],"collection":[{"href":"https:\/\/www.linux.org.uy\/index.php?rest_route=\/wp\/v2\/pages"}],"about":[{"href":"https:\/\/www.linux.org.uy\/index.php?rest_route=\/wp\/v2\/types\/page"}],"author":[{"embeddable":true,"href":"https:\/\/www.linux.org.uy\/index.php?rest_route=\/wp\/v2\/users\/2"}],"replies":[{"embeddable":true,"href":"https:\/\/www.linux.org.uy\/index.php?rest_route=%2Fwp%2Fv2%2Fcomments&post=37"}],"version-history":[{"count":3,"href":"https:\/\/www.linux.org.uy\/index.php?rest_route=\/wp\/v2\/pages\/37\/revisions"}],"predecessor-version":[{"id":39,"href":"https:\/\/www.linux.org.uy\/index.php?rest_route=\/wp\/v2\/pages\/37\/revisions\/39"}],"up":[{"embeddable":true,"href":"https:\/\/www.linux.org.uy\/index.php?rest_route=\/wp\/v2\/pages\/33"}],"wp:attachment":[{"href":"https:\/\/www.linux.org.uy\/index.php?rest_route=%2Fwp%2Fv2%2Fmedia&parent=37"}],"curies":[{"name":"wp","href":"https:\/\/api.w.org\/{rel}","templated":true}]}}